9) + 1 + -1?
6
Calculate -16 + (66 - 59) + (-4 - 1).
-14
Calculate 8 - (10 - -7) - (-3 + 2).
-8
Calculate (-31 - -25 - -4) + 5 + -1.
2
What is the value of 3 - -15 - 17 - (-1 + 11)?
-9
What is the value of -11 - -8 - (-14 + 9)?
2
Evaluate -13 - (-7 + (7 - (10 + -3))).
-6
Calculate -6 - 16 - (7 - (-6 - -12)).
-23
What is 3 - ((1 + 1 - (-11 + 5)) + 3)?
-8
What is the value of -8 - (9 + (-4 - 14) + 1)?
0
Calculate -30 - (-6 - (-17 + 29)).
-12
Evaluate (-9 - (5 - (13 + -8))) + 5 - 27.
-31
Evaluate 2 + -4 + -4 - (249 - 224).
-31
What is the value of 4 + (7 - 4) - (-2 + 15) - -16?
10
-27 + 15 + 5 + -2
-9
What is (-14 - 6) + 9 + (-23 - -13) + 11?
-10
-2 - (5 + -6) - (0 + 5) - 8
-14
What is the value of -12 + -7 - (-40 + 21)?
0
9 - (20 + (27 - 27))
-11
Calculate 411 - 413 - (-10 + 0 + -1).
9
What is the value of 9 - (4 - (-38 + 36))?
3
Evaluate 12 + -15 + 4 + (0 - -7) + 9.
17
What is the value of -6 + 0 - (-63 + 72)?
-15
What is the value of -1 - -5 - (-8 + 3)?
9
Evaluate (11 - 2) + (9 + -15 - -7).
10
Evaluate 3 - (1 - 0) - (1063 + -1050).
-11
What is 13 + -27 - -20 - 11?
-5
Evaluate -1 + 6 + -21 + 38 - (6 - -1).
15
Evaluate -16 - (-22 + 11 + -9).
4
What is the value of 0 + -6 + 1 + 7 - 0 - 12?
-10
Evaluate -14 - (3 - -4 - 12) - -21.
12
Evaluate 2 + 4 - (-25 - (-48 + 16)).
-1
Evaluate 5 + -2 + -10 + -5.
-12
Calculate -1 + -5 + (39 - 44) + 8 + -13.
-16
What is -1 + -1 - (65 + -86) - (0 - -6)?
13
Calculate (6 - (3 - 0)) + (-3 - 0 - -9).
9
21 - ((-3 - -9) + (-29 - -18) - -9)
17
What is the value of -296 - -308 - (2 + 18 - -1)?
-9
What is -28 + 2 + 40 + -23?
-9
What is 31 - 31 - (-2 + (-3 - -3) + -4)?
6
Evaluate (-6 - (6 + -28 + -12)) + -6 + -2.
20
Calculate 0 + (-7 - 1) + (18 - (13 + 2)).
-5
8 - (4 + 10 - (15 - -6))
15
What is the value of (-1 - -1 - 2) + 15 + (66 - 61)?
18
What is the value of -2 + 4 - 2 - (-14 - -15 - -15)?
-16
What is the value of 0 + -16 + (37 - 8)?
13
What is the value of (12 - 41) + 36 - (1 - -7)?
-1
45 + -17 - 47 - (1 - 12)
-8
What is -2 + (-12 - -11) + 9 - (-4 + -6)?
16
Evaluate (9 - (15 - 22)) + (3 - 2 - -3).
20
What is -5 + (11 + -3 - (11 + 0))?
-8
What is the value of (3 - (2 - -3 - 1)) + (-15 - -5)?
-11
Evaluate -1 + -2 - ((1 - -6) + -6 + 1).
-5
Evaluate 12 + -19 + 12 - 5 - (-6 - 0).
6
What is 24 + 12 + -5 + -27?
4
What is the value of 1 - (8 - 1 - (-1 + 0 + -4))?
-11
17 + -1 - (28 + (5 - 28))
11
What is the value of -21 + 44 - (-7 + (2 - -1) + -3)?
30
What is -6 + (5 - -11) + -3 + (-7 - -6)?
6
1 + 8 + -6 + 0 + (-19 - -2)
-14
Evaluate 29 + 9 + -20 - (-1 + 6).
13
Evaluate 2 + (-14 - -42) - 12.
18
What is the value of 15 - (-3 + (26 - 0))?
-8
Evaluate -5 + (-29 - (-24 - 0) - (24 + 1)).
-35
Evaluate 21 + (-10 - (-12 + 13)).
10
What is 2 + -6 - (7 + -15)?
4
Evaluate (-13 - -8) + -6 + (3 - 3).
-11
What is -24 - (13 + -2 + -27)?
-8
Evaluate (-7 - 2) + 10 + -2.
-1
Evaluate (-5 + 9 - 5) + (3 - -4).
6
Calculate (-4 + 14 - 16) + 0 + 2 + -7.
-11
What is 4 + -2 + 0 + 16 + 0 + -5?
13
What is 28 - 4 - (14 + (31 - 32))?
11
What is the value of (11 - 1) + -7 - -5?
8
What is 167 + -192 - (0 + -33)?
8
What is the value of -309 + 310 - (3 - (1 - -1) - -17)?
-17
What is the value of 10 + -4 + -1 + 10 + -11?
4
What is the value of 10 - 3 - (-12 + 14) - 6?
-1
What is -33 - (13 + (1 - 2) - (-73 - -91))?
-27
What is -100 - -124 - 23 - (0 - -26 - -1)?
-26
What is 94 + (-92 - -31) - (6 + 2)?
25
What is the value of 13 - 5 - (2 + 10) - -2?
-2
Calculate 12 - (32 + -9) - -13 - -3.
5
What is -29 + 33 + -19 + 3?
-12
(-3 + -4 - -22) + (3 - (-1 + 8))
11
What is -1 - (2 + -9) - (-639 - -625)?
20
-4 + 3 - ((-8 + 3 - -13) + -2)
-7
What is the value of -10 + (3 - (-6 + 19 + -6))?
-14
What is the value of -16 - (36 - 55) - (1 + -17)?
19
Calculate -21 + (-2 - -5) - (19 + 4 + -14).
-27
-17 + 13 + -10 + -7
-21
What is the value of 18 + (-2 - -5) + (70 - 80)?
11
1 - 11 - (63 - 92)
19
What is the value of 21 - (4 + -2 + 0 + (-6 - -4))?
21
-55 + 85 - (-1 - -10)
21
29 + (-18 - 18) + (-2 - -2)
-7
(5 - (11 - (0 - -5))) + -2 + 12
9
What is -1 - -14 - (462 - 453)?
4
(10 - (-11 + -10)) + -7 - (2 - -7)
15
Calculate (1 - 13) + -1485 + 1488.
-9
Evaluate (38 - 25) + -12 + 2 + 1.
4
-3 + (-827 + 819 - (-1 - 2 - 1))
-7
Calculate -422 - -452 - (-1 + 47).
-16
Evaluate 0 + -17 + 3 + 14 + -3 + -5.
-8
What is -2 - (-3 - 6) - (43 + -36)?
0
What is the value of 16 + -26 - -20 - -1?
11
What is 0 + -7 + 24 + -1 + 5 + -1?
20
Calculate (1 - 4) + -3 + -2 + 7 + -4.
-5
What is the value of -17 + (3 - -2) + (0 - 5)?
-17
What is the value of -13 + (0 - -9) + 14?
10
What is (-1 - 1 - (16 - 7)) + (-18 - -22)?
-7
What is the value of (3 - (-5 - -15)) + (1 - 3) + 47?
38
What is -4 - (-15 - (14 - 10 - 0))?
15
What is the value of 0 - ((6 + (-2 - 4) - -2) + -4)?
2
What is -29 + 59 - 28 - (8 + -1)?
-5
What is the value of (3 - 22) + 7 + 28?
16
Calculate 8 + 2 + (10 - 7) - 10.
3
16 - (-44 - -8) - 24
28
Calculate 16 + -7 - (-9 - (-12 + 14)).
20
Calculate 114 + -116 + (1 - (1 + -4)).
2
What is 22 + -19 + (4 - -5)?
12
What is 17 + 5 + (-9 + 1 - -7)?
21
-4 - (8 - (11 + -5 + 2))
-4
What is the value of 69 + -124 + 64 + (0 - 31)?
-22
What is the value of (-58 - -29) + 25 + 4 + 0?
0
(102 - 84) + (2 - 11)
9
0 + 1 + (-6 - 0) + 268 + -274
-11
Evaluate 9 + (1 - -8) + (5 - (1 - -9)).
13
7 + 19 + -27 + -22
-23
What is the value of 33 + -14 + -5 - 17?
-3
What is the value of -7 + -1 + 2 - (-940 - -956)?
-22
Evaluate (17 - 10 - 23) + (1 - -3).
-12
Evaluate -9 + -7 - (-5 + (-27 - -18)).
-2
What is -21 + (-3 - 1 - (31 - 27))?
-29
(8 + 43 - 25) + -7 + -2
17
-8 + -7 + 0 + 23
8
What is the value of 9 + 2 + -9 - (-6 + -6)?
14
What is the value of -18 + 54 + 2 + -25?
13
What is 13 - (9 - (-3 - -7)) - 1 - 6?
1
What is -10 - (-39 + 28 - (-13 - 1))?
-13
What is 0 - -8 - ((3 - 9 - -4) + 6)?
4
What is -1 - (20 + 9) - -33?
3
-5 + (22 - 5) + -7 - (3 - -2)
0
What is 7 + 0 + 1 + -3 - (1 + 0)?
4
Evaluate -6 - (-2 + (-1 - (1 - -1))) - -5.
4
What is the value of -15 + -1 - (151 - 154)?
-13
(-18 + 9 - 14) + 28
5
Evaluate 4 + (-1 + 0 - -1) - (-72 + 66).
10
(4 - 19) + 106 + -117
-26
-38 + -12 + -11 + 51 + -12
-22
Calculate 9 + (30 - (21 + -3)).
21
Evaluate 5 + -1 - -4 - 8 - 7.
-7
Calculate -7 - 0 - (-22 + 14 + (4 - 1)).
-2
Evaluate (-36 - 0) + (536 - 503).
-3
What is the value of 5 + -2 + 1 - 4 - (1 - 3)?
2
Calculate (4 + -64 - -14) + 12 + 16.
-18
Calculate (5 - (-7 - -12) - -9) + 12.
21
What is the value of 7 + -1 + -1 - 3 - 3 - -3?
2
What is the value of 9 - (-3 + 1) - (117 - 36 - 50)?
-20
Calculate (-15 - -1) + (-5 - -12 - 13).
-20
What is 9 - (-3 - -19 - 7)?
0
Evaluate (-4 - (5 + 7)) + 8 + 3 + -5.
-10
Calculate 10 + (-5 - 16 - -7).
-4
What is -44 + 23 + -36 + 56?
-1
(-54 - -27 - -21) + 15
9
5 - (24 + -10) - -18
9
Calculate 9 + (0 - 1) + 2 + -1 + -17.
-8
Evaluate -7 - (-8 + (3 - -4) + -1).
-5
-1 - (0 - 21) - (-898 + 902)
16
Evaluate -7 + (-22 + 2 - -3) + -2 + 2.
-24
What is the value of (22 - (-40 + 57)) + -2 + (0 - 6)?
-3
Calculate -14 + 1 + (0 - 3) + (-2 - -9).
-9
What is -7 + 19 + -2 - (0 + -2 - -8)?
4
What is -10 + 1 - -11 - (-1 - (-2 + 6))?
7
What is (1 - 17) + (205 - 200)?
-11
Calculate 6 - (4 + 9) - (2 + -4 + 6).
-11
-2 + (2 - 6) + 5 + (-10 - -8)
-3
What is the value of (-2 - 1) + 7 - (-103 + 111) - -16?
12
What is the value of 2179 + -2158 + -1 + -3?
17
Evaluate (-2 - 6) + (-8 - -22) + -4.
2
Calculate -2 - 4 - (2 + 6 + -1).
-13
0 + 4 - 2 - (10 + (3 - 20))
9
Calculate (4 + -3 - 9) + (5 - 16).
-19
Calculate 22 + (21 - 33 - (-3 - 1)).
14
What is -10 - (-8 - (-6 - -8))?
0
(-1 - -19) + (-214 - -208)
12
25 - (8 - (4 + 2 + -4 + 4))
23
-29 - 2 - (727 + -742)
-16
Calculate -11 + (21 + (5 - 14) - 16).
-15
Evaluate (4 + 31 - (-66 - -74)) + 5.
32
Evaluate -3 - 39 - -25 - (-3 - 1).
-13
Evaluate -4 + 8 - (-10 - (-8 + 14 + -10)).
10
(4 - 18) + (7 - -8)
1
23 - (22 + 4 - 4)
1
What is -26 - -19 - ((13 - 11) + (-28 - -1))?
18
Evaluate 28 + (-30 - -6) - -1.
5
Calculate 1 - (-12 + -4 + 22).
-5
Calculate 0 + -2 + 4 + 4 + (-1 - -7).
12
Evaluate -1 - (-222 - -208 - (0 + 0 - 1)).
12
11 + (-17 - -1) + 2 + 12
9
What is the value of (-43 - -23) + 15 - (-18 + 2)?
11
What is (1 + 3 + (-42 - -36) - 6) + -2?
-10
Calculate (-546 - -545) + (17 - (-1 - 2)).
19
What is the value of (9 - 3 - 2) + 14 + -7 + -8?
3
Calculate (1 - -11 - 20) + 9 + -2.
-1
What is the 